e the prime factors of 2364685?
5, 472937
List the prime factors of 212411.
212411
What are the prime factors of 1743890?
2, 5, 174389
List the prime factors of 3960222.
2, 3, 7, 94291
What are the prime factors of 171339?
3, 7, 41, 199
What are the prime factors of 1439584?
2, 44987
What are the prime factors of 182195?
5, 13, 2803
What are the prime factors of 166799?
166799
List the prime factors of 2149398.
2, 3, 43, 2777
List the prime factors of 399373.
13, 31, 991
List the prime factors of 1608112.
2, 11, 9137
What are the prime factors of 707252?
2, 7, 13, 29, 67
List the prime factors of 7368848.
2, 41, 47, 239
List the prime factors of 20568.
2, 3, 857
What are the prime factors of 242187?
3, 11, 41, 179
List the prime factors of 6567413.
6567413
What are the prime factors of 35831?
35831
What are the prime factors of 394128?
2, 3, 7, 17, 23
What are the prime factors of 817095?
3, 5, 19, 47, 61
List the prime factors of 12515578.
2, 41, 152629
List the prime factors of 13085630.
2, 5, 1308563
List the prime factors of 170876.
2, 42719
List the prime factors of 181262.
2, 90631
What are the prime factors of 19726?
2, 7, 1409
List the prime factors of 4647085.
5, 929417
List the prime factors of 1689428.
2, 13, 53, 613
What are the prime factors of 368197?
368197
What are the prime factors of 84972?
2, 3, 73, 97
What are the prime factors of 3467178?
2, 3, 11, 13, 449
List the prime factors of 631460.
2, 5, 31573
List the prime factors of 436793.
7, 23, 2713
What are the prime factors of 2672868?
2, 3, 11, 20249
List the prime factors of 2636366.
2, 1318183
List the prime factors of 368418.
2, 3, 61403
What are the prime factors of 85701?
3, 7, 11, 53
What are the prime factors of 53283?
3, 17761
What are the prime factors of 2880335?
5, 449, 1283
List the prime factors of 931551.
3, 19, 59, 277
What are the prime factors of 4082489?
4082489
List the prime factors of 10377567.
3, 1153063
What are the prime factors of 212642?
2, 106321
List the prime factors of 514949.
514949
List the prime factors of 921257.
921257
What are the prime factors of 8903626?
2, 4451813
What are the prime factors of 314133?
3, 104711
List the prime factors of 84093.
3, 28031
What are the prime factors of 226325?
5, 11, 823
What are the prime factors of 1911315?
3, 5, 7, 109, 167
What are the prime factors of 2083835?
5, 13, 32059
List the prime factors of 7187958.
2, 3, 103, 3877
What are the prime factors of 196013?
31, 6323
What are the prime factors of 784198?
2, 392099
What are the prime factors of 694143?
3, 47, 547
What are the prime factors of 2551591?
7, 364513
List the prime factors of 16324075.
5, 157, 4159
List the prime factors of 43585.
5, 23, 379
List the prime factors of 3044148.
2, 3, 253679
What are the prime factors of 20817870?
2, 3, 5, 53, 13093
What are the prime factors of 12724?
2, 3181
List the prime factors of 1303410.
2, 3, 5, 23, 1889
What are the prime factors of 4937520?
2, 3, 5, 7, 2939
What are the prime factors of 156056?
2, 19507
List the prime factors of 8626543.
29, 297467
List the prime factors of 94383.
3, 10487
What are the prime factors of 349827?
3, 29, 4021
What are the prime factors of 1136967?
3, 13, 29153
What are the prime factors of 2482658?
2, 881, 1409
What are the prime factors of 2165756?
2, 541439
What are the prime factors of 1041798?
2, 3, 401, 433
List the prime factors of 16551802.
2, 37, 47, 4759
List the prime factors of 514320.
2, 3, 5, 2143
List the prime factors of 143569.
143569
List the prime factors of 1854617.
1854617
What are the prime factors of 38192?
2, 7, 11, 31
List the prime factors of 180654.
2, 3, 30109
What are the prime factors of 4939821?
3, 548869
What are the prime factors of 884525?
5, 35381
What are the prime factors of 4162994?
2, 11, 17, 11131
List the prime factors of 540561.
3, 7, 25741
List the prime factors of 54812.
2, 71, 193
List the prime factors of 649910.
2, 5, 17, 3823
What are the prime factors of 3402706?
2, 47, 53, 683
List the prime factors of 1521515.
5, 304303
What are the prime factors of 261511?
17, 15383
What are the prime factors of 12536125?
5, 7, 14327
What are the prime factors of 11383888?
2, 19, 37447
What are the prime factors of 360171?
3, 7, 5717
List the prime factors of 4635285.
3, 5, 309019
List the prime factors of 3951038.
2, 7, 13, 17, 1277
List the prime factors of 5009411.
11, 455401
List the prime factors of 436607.
436607
List the prime factors of 103951.
103951
What are the prime factors of 2290894?
2, 347, 3301
List the prime factors of 27891359.
29, 127, 7573
List the prime factors of 321740.
2, 5, 16087
What are the prime factors of 426085?
5, 11, 61, 127
What are the prime factors of 19078?
2, 9539
List the prime factors of 3044118.
2, 3, 7, 11, 599
List the prime factors of 3439.
19, 181
What are the prime factors of 11732105?
5, 7, 11, 31, 983
What are the prime factors of 303085?
5, 60617
List the prime factors of 3878268.
2, 3, 79, 4091
List the prime factors of 9866053.
443, 22271
What are the prime factors of 10936096?
2, 19, 17987
List the prime factors of 103075.
5, 7, 19, 31
List the prime factors of 4775640.
2, 3, 5, 17, 2341
What are the prime factors of 4448190?
2, 3, 5, 31, 4783
What are the prime factors of 294217?
7, 11, 3821
What are the prime factors of 86894?
2, 23, 1889
What are the prime factors of 13907931?
3, 4635977
List the prime factors of 17151818.
2, 29, 113, 2617
List the prime factors of 1076334.
2, 3, 7, 523
What are the prime factors of 50877?
3, 5653
List the prime factors of 2217354.
2, 3, 101, 3659
List the prime factors of 790714.
2, 29, 13633
List the prime factors of 84590.
2, 5, 11, 769
List the prime factors of 504370.
2, 5, 31, 1627
What are the prime factors of 21763352?
2, 13, 209263
List the prime factors of 324177.
3, 7, 43, 359
What are the prime factors of 57358?
2, 7, 17, 241
What are the prime factors of 49824?
2, 3, 173
What are the prime factors of 2377504?
2, 74297
What are the prime factors of 3526337?
23, 153319
List the prime factors of 2149206.
2, 3, 358201
List the prime factors of 4037112.
2, 3, 47, 1193
What are the prime factors of 22570452?
2, 3, 23, 27259
List the prime factors of 5331469.
11, 13, 23, 1621
What are the prime factors of 3684928?
2, 13, 43, 103
What are the prime factors of 6928612?
2, 23, 127, 593
List the prime factors of 243508.
2, 17, 3581
List the prime factors of 11295055.
5, 17, 83, 1601
List the prime factors of 185000.
2, 5, 37
List the prime factors of 118686.
2, 3, 131, 151
What are the prime factors of 644455?
5, 7, 18413
List the prime factors of 376871.
11, 34261
List the prime factors of 1279197.
3, 89, 1597
List the prime factors of 9457175.
5, 7, 13, 4157
List the prime factors of 218592.
2, 3, 11, 23
List the prime factors of 1301595.
3, 5, 19, 4567
What are the prime factors of 4529160?
2, 3, 5, 23, 547
What are the prime factors of 10848767?
10848767
List the prime factors of 3028490.
2, 5, 43, 7043
List the prime factors of 2494689.
3, 251, 3313
What are the prime factors of 210872?
2, 43, 613
List the prime factors of 225026.
2, 59, 1907
List the prime factors of 1317404.
2, 11, 79, 379
What are the prime factors of 1728738?
2, 3, 11, 8731
What are the prime factors of 3339073?
173, 19301
What are the prime factors of 5333886?
2, 3, 17, 17431
What are the prime factors of 12977363?
7, 227, 8167
What are the prime factors of 14163833?
14163833
What are the prime factors of 25596?
2, 3, 79
List the prime factors of 419345.
5, 83869
List the prime factors of 8728896.
2, 3, 11, 4133
What are the prime factors of 8373985?
5, 1674797
What are the prime factors of 77619?
3, 25873
What are the prime factors of 107935?
5, 21587
What are the prime factors of 4067950?
2, 5, 81359
What are the prime factors of 174158?
2, 31, 53
What are the prime factors of 151399?
101, 1499
What are the prime factors of 63958?
2, 113, 283
What are the prime factors of 10169533?
11, 924503
What are the prime factors of 4994278?
2, 43, 58073
What are the prime factors of 212726?
2, 106363
What are the prime factors of 1664519?
37, 44987
What are the prime factors of 7463547?
3, 7, 13, 701
What are the prime factors of 2038442?
2, 7, 145603
What are the prime fac